by 67.
50
What is the remainder when 1524 is divided by 80?
4
Calculate the remainder when 43 is divided by 3.
1
Calculate the remainder when 949 is divided by 8.
5
Calculate the remainder when 94 is divided by 15.
4
Calculate the remainder when 55 is divided by 4.
3
Calculate the remainder when 655 is divided by 161.
11
What is the remainder when 11502 is divided by 17?
10
What is the remainder when 43 is divided by 1?
0
What is the remainder when 49483 is divided by 15?
13
Calculate the remainder when 47 is divided by 45.
2
What is the remainder when 752 is divided by 96?
80
What is the remainder when 77 is divided by 12?
5
Calculate the remainder when 2130 is divided by 41.
39
Calculate the remainder when 257 is divided by 95.
67
What is the remainder when 4045 is divided by 19?
17
Calculate the remainder when 652 is divided by 121.
47
Calculate the remainder when 17 is divided by 14.
3
Calculate the remainder when 3602 is divided by 1798.
6
What is the remainder when 98 is divided by 89?
9
What is the remainder when 133 is divided by 36?
25
Calculate the remainder when 25222 is divided by 12.
10
Calculate the remainder when 2374 is divided by 395.
4
What is the remainder when 2869 is divided by 14?
13
Calculate the remainder when 129 is divided by 11.
8
What is the remainder when 2079 is divided by 104?
103
Calculate the remainder when 362 is divided by 30.
2
Calculate the remainder when 286 is divided by 208.
78
Calculate the remainder when 905 is divided by 10.
5
What is the remainder when 2989 is divided by 73?
69
Calculate the remainder when 267 is divided by 37.
8
Calculate the remainder when 15293 is divided by 115.
113
What is the remainder when 632 is divided by 207?
11
What is the remainder when 8817 is divided by 105?
102
What is the remainder when 4588 is divided by 41?
37
Calculate the remainder when 51932 is divided by 17.
14
What is the remainder when 4842 is divided by 85?
82
Calculate the remainder when 240 is divided by 61.
57
Calculate the remainder when 950 is divided by 119.
117
Calculate the remainder when 820 is divided by 261.
37
What is the remainder when 2686 is divided by 42?
40
Calculate the remainder when 1600 is divided by 74.
46
Calculate the remainder when 215 is divided by 44.
39
What is the remainder when 239 is divided by 9?
5
Calculate the remainder when 666 is divided by 159.
30
Calculate the remainder when 183 is divided by 47.
42
What is the remainder when 5740 is divided by 261?
259
What is the remainder when 189 is divided by 87?
15
Calculate the remainder when 578 is divided by 97.
93
What is the remainder when 201 is divided by 44?
25
Calculate the remainder when 887 is divided by 6.
5
What is the remainder when 5279 is divided by 22?
21
Calculate the remainder when 122 is divided by 54.
14
What is the remainder when 1841 is divided by 32?
17
Calculate the remainder when 1438 is divided by 45.
43
Calculate the remainder when 1342 is divided by 16.
14
Calculate the remainder when 789 is divided by 4.
1
Calculate the remainder when 7361 is divided by 37.
35
Calculate the remainder when 185 is divided by 82.
21
Calculate the remainder when 1361 is divided by 31.
28
Calculate the remainder when 2747 is divided by 172.
167
Calculate the remainder when 1176 is divided by 20.
16
What is the remainder when 36 is divided by 13?
10
What is the remainder when 76 is divided by 13?
11
Calculate the remainder when 13768 is divided by 293.
290
What is the remainder when 1419 is divided by 231?
33
What is the remainder when 204 is divided by 10?
4
Calculate the remainder when 10113 is divided by 119.
117
Calculate the remainder when 413 is divided by 35.
28
What is the remainder when 1960 is divided by 27?
16
Calculate the remainder when 110 is divided by 29.
23
What is the remainder when 367 is divided by 123?
121
What is the remainder when 287 is divided by 19?
2
Calculate the remainder when 1098 is divided by 14.
6
What is the remainder when 1494 is divided by 8?
6
What is the remainder when 2253 is divided by 78?
69
Calculate the remainder when 489 is divided by 11.
5
Calculate the remainder when 313 is divided by 53.
48
What is the remainder when 147 is divided by 144?
3
What is the remainder when 194 is divided by 98?
96
What is the remainder when 2621 is divided by 13?
8
Calculate the remainder when 130 is divided by 75.
55
What is the remainder when 3439 is divided by 344?
343
Calculate the remainder when 2246 is divided by 30.
26
Calculate the remainder when 2945 is divided by 2933.
12
What is the remainder when 22739 is divided by 137?
134
Calculate the remainder when 8 is divided by 8.
0
Calculate the remainder when 491 is divided by 29.
27
What is the remainder when 881 is divided by 59?
55
Calculate the remainder when 1078 is divided by 24.
22
What is the remainder when 4379 is divided by 314?
297
Calculate the remainder when 594 is divided by 86.
78
What is the remainder when 525 is divided by 31?
29
Calculate the remainder when 877 is divided by 16.
13
What is the remainder when 229 is divided by 198?
31
What is the remainder when 100 is divided by 21?
16
Calculate the remainder when 7038 is divided by 16.
14
What is the remainder when 4595 is divided by 919?
0
What is the remainder when 1579 is divided by 12?
7
Calculate the remainder when 1065 is divided by 82.
81
What is the remainder when 234 is divided by 113?
8
Calculate the remainder when 1226 is divided by 255.
206
Calculate the remainder when 209 is divided by 10.
9
Calculate the remainder when 4795 is divided by 13.
11
Calculate the remainder when 199 is divided by 36.
19
What is the remainder when 982 is divided by 201?
178
Calculate the remainder when 3477 is divided by 15.
12
Calculate the remainder when 696 is divided by 100.
96
What is the remainder when 42 is divided by 24?
18
What is the remainder when 93 is divided by 86?
7
What is the remainder when 2332 is divided by 15?
7
Calculate the remainder when 661 is divided by 206.
43
What is the remainder when 6091 is divided by 48?
43
Calculate the remainder when 311 is divided by 48.
23
What is the remainder when 1119 is divided by 4?
3
Calculate the remainder when 448 is divided by 204.
40
Calculate the remainder when 1420 is divided by 236.
4
Calculate the remainder when 221 is divided by 32.
29
Calculate the remainder when 1396 is divided by 70.
66
Calculate the remainder when 134 is divided by 62.
10
Calculate the remainder when 457 is divided by 38.
1
What is the remainder when 193 is divided by 35?
18
What is the remainder when 25 is divided by 2?
1
What is the remainder when 169 is divided by 58?
53
What is the remainder when 6215 is divided by 345?
5
What is the remainder when 553 is divided by 28?
21
Calculate the remainder when 940 is divided by 16.
12
Calculate the remainder when 293 is divided by 85.
38
Calculate the remainder when 862 is divided by 286.
4
Calculate the remainder when 3986 is divided by 35.
31
Calculate the remainder when 377 is divided by 14.
13
Calculate the remainder when 1133 is divided by 287.
272
Calculate the remainder when 26503 is divided by 95.
93
What is the remainder when 5586 is divided by 1856?
18
What is the remainder when 1358 is divided by 655?
48
Calculate the remainder when 1886 is divided by 15.
11
Calculate the remainder when 3218 is divided by 161.
159
What is the remainder when 187 is divided by 27?
25
Calculate the remainder when 567 is divided by 25.
17
Calculate the remainder when 293 is divided by 73.
1
What is the remainder when 6667 is divided by 29?
26
What is the remainder when 624 is divided by 57?
54
What is the remainder when 564 is divided by 111?
9
What is the remainder when 504 is divided by 39?
36
Calculate the remainder when 405 is divided by 29.
28
Calculate the remainder when 370 is divided by 52.
6
What is the remainder when 1835 is divided by 102?
101
Calculate the remainder when 106 is divided by 27.
25
Calculate the remainder when 183 is divided by 65.
53
What is the remainder when 157 is divided by 32?
29
What is the remainder when 171 is divided by 77?
17
Calculate the remainder when 174 is divided by 22.
20
What is the remainder when 575 is divided by 55?
25
Calculate the remainder when 1055 is divided b